ulate the remainder when 8640867 is divided by 469.
11
What is the remainder when 623537 is divided by 155?
127
Calculate the remainder when 454748 is divided by 5983.
40
Calculate the remainder when 33540460 is divided by 23.
20
What is the remainder when 17842 is divided by 1255?
272
What is the remainder when 725855 is divided by 789?
764
What is the remainder when 19598788 is divided by 2312?
2276
What is the remainder when 80686 is divided by 25841?
3163
Calculate the remainder when 476489 is divided by 476.
13
What is the remainder when 3470508 is divided by 119664?
252
Calculate the remainder when 13205 is divided by 492.
413
Calculate the remainder when 5260640 is divided by 13.
8
What is the remainder when 37589 is divided by 136?
53
Calculate the remainder when 15271434 is divided by 215.
199
Calculate the remainder when 664080 is divided by 89.
51
What is the remainder when 8594643 is divided by 118?
113
What is the remainder when 14550 is divided by 1285?
415
What is the remainder when 1147870 is divided by 382605?
55
What is the remainder when 252458232 is divided by 345?
342
Calculate the remainder when 92447 is divided by 44653.
3141
Calculate the remainder when 648908 is divided by 14925.
7133
Calculate the remainder when 41794617 is divided by 3578.
3577
Calculate the remainder when 17012252 is divided by 30708.
20
Calculate the remainder when 3074281 is divided by 1512.
385
Calculate the remainder when 68599 is divided by 9584.
1511
Calculate the remainder when 153095398 is divided by 51031799.
1
Calculate the remainder when 399482 is divided by 3804.
62
What is the remainder when 24388538 is divided by 1641?
1637
Calculate the remainder when 19103083 is divided by 6367693.
4
What is the remainder when 16693967 is divided by 16?
15
Calculate the remainder when 14714453 is divided by 145.
143
What is the remainder when 84621 is divided by 9?
3
What is the remainder when 22277 is divided by 3175?
52
Calculate the remainder when 12345287 is divided by 2867.
2852
What is the remainder when 232346 is divided by 76639?
2429
Calculate the remainder when 10442 is divided by 5097.
248
Calculate the remainder when 248011 is divided by 83.
7
Calculate the remainder when 164750 is divided by 10502.
7220
Calculate the remainder when 16120580 is divided by 503.
436
Calculate the remainder when 44987079 is divided by 8997415.
4
Calculate the remainder when 85065 is divided by 16990.
115
What is the remainder when 222496 is divided by 749?
43
What is the remainder when 27481 is divided by 54?
49
Calculate the remainder when 108209010 is divided by 21641800.
10
What is the remainder when 186101 is divided by 30928?
533
What is the remainder when 123382 is divided by 20547?
100
Calculate the remainder when 37264287 is divided by 15.
12
What is the remainder when 685748 is divided by 166?
2
What is the remainder when 4158294 is divided by 501?
495
Calculate the remainder when 65067636 is divided by 975.
36
What is the remainder when 2073033 is divided by 17279?
16832
Calculate the remainder when 1917210 is divided by 27.
21
What is the remainder when 115833 is divided by 7644?
1173
What is the remainder when 41994 is divided by 10461?
150
What is the remainder when 5433865 is divided by 1456?
73
Calculate the remainder when 608977 is divided by 9341.
1812
What is the remainder when 6982 is divided by 3427?
128
What is the remainder when 3114965 is divided by 787?
19
What is the remainder when 1479759 is divided by 828?
123
What is the remainder when 118983183 is divided by 586124?
11
Calculate the remainder when 2295706 is divided by 704.
666
What is the remainder when 262865625 is divided by 17?
14
What is the remainder when 15942687 is divided by 3693?
6
Calculate the remainder when 41257374 is divided by 5975.
5974
What is the remainder when 7140 is divided by 1982?
1194
What is the remainder when 203913 is divided by 3577?
24
Calculate the remainder when 8146765 is divided by 836.
781
What is the remainder when 154736 is divided by 9?
8
Calculate the remainder when 6861092 is divided by 6861072.
20
Calculate the remainder when 707611 is divided by 12197.
185
What is the remainder when 211602 is divided by 17622?
138
What is the remainder when 399242 is divided by 1791?
1640
Calculate the remainder when 688868010 is divided by 767.
766
Calculate the remainder when 294264 is divided by 3342.
168
What is the remainder when 2351005 is divided by 587748?
13
Calculate the remainder when 548245 is divided by 68529.
13
Calculate the remainder when 257519 is divided by 513.
506
What is the remainder when 574783679 is divided by 11?
8
Calculate the remainder when 448318 is divided by 109165.
11658
What is the remainder when 84391201 is divided by 359?
353
What is the remainder when 489526307 is divided by 910?
907
What is the remainder when 23900602 is divided by 10017?
40
Calculate the remainder when 33992 is divided by 971.
7
What is the remainder when 8153023 is divided by 621?
535
What is the remainder when 954851158 is divided by 120?
118
Calculate the remainder when 1597859 is divided by 293.
130
What is the remainder when 179373 is divided by 8?
5
Calculate the remainder when 1160946 is divided by 96740.
66
Calculate the remainder when 2695463 is divided by 755.
113
Calculate the remainder when 92336 is divided by 1660.
1036
Calculate the remainder when 976098651 is divided by 599.
597
Calculate the remainder when 5034 is divided by 4899.
135
What is the remainder when 1627880 is divided by 813933?
14
Calculate the remainder when 1603433 is divided by 400857.
5
Calculate the remainder when 520584 is divided by 86690.
444
Calculate the remainder when 270452959 is divided by 185.
164
What is the remainder when 21585350 is divided by 56?
38
Calculate the remainder when 319895 is divided by 819.
485
Calculate the remainder when 228807 is divided by 342.
9
Calculate the remainder when 5786694 is divided by 314.
302
Calculate the remainder when 59998 is divided by 59777.
221
What is the remainder when 113557 is divided by 3653?
314
What is the remainder when 135758 is divided by 16?
14
What is the remainder when 1661860 is divided by 332307?
325
Calculate the remainder when 93037684 is divided by 23259419.
8
Calculate the remainder when 7513326 is divided by 683021.
95
What is the remainder when 50398771 is divided by 1311?
1309
Calculate the remainder when 151020 is divided by 57.
27
Calculate the remainder when 943465 is divided by 140.
5
What is the remainder when 666630 is divided by 174?
36
What is the remainder when 3872029 is divided by 455?
434
What is the remainder when 155068 is divided by 77485?
98
Calculate the remainder when 7894549 is divided by 1704.
1621
What is the remainder when 979934 is divided by 194882?
5524
What is the remainder when 98220 is divided by 630?
570
What is the remainder when 5457373 is divided by 16?
13
What is the remainder when 2440723 is divided by 1220308?
107
Calculate the remainder when 1632979 is divided by 816484.
11
What is the remainder when 102867693 is divided by 516?
513
Calculate the remainder when 34533568 is divided by 249.
7
What is the remainder when 394382 is divided by 47?
5
Calculate the remainder when 29073368 is divided by 14536679.
10
What is the remainder when 1251803 is divided by 90?
83
Calculate the remainder when 2399849 is divided by 14723.
0
What is the remainder when 1486374 is divided by 3040?
2854
What is the remainder when 78505496 is divided by 569?
566
What is the remainder when 364575 is divided by 19186?
41
Calculate the remainder when 983124 is divided by 1176.
1164
Calculate the remainder when 24774908 is divided by 256.
252
Calculate the remainder when 3432 is divided by 1081.
189
Calculate the remainder when 481340 is divided by 12338.
158
Calculate the remainder when 2854050 is divided by 363.
144
Calculate the remainder when 13655358 is divided by 1235.
1198
What is the remainder when 34934 is divided by 2799?
1346
Calculate the remainder when 2811 is divided by 1923.
888
What is the remainder when 56323360 is divided by 47?
17
Calculate the remainder when 3254398 is divided by 1600.
1598
Calculate the remainder when 76300 is divided by 5853.
211
What is the remai